{"id":12,"date":"2024-03-30T07:40:57","date_gmt":"2024-03-30T06:40:57","guid":{"rendered":"https:\/\/dpo-solutions.com\/index.php\/home\/"},"modified":"2024-04-29T20:56:27","modified_gmt":"2024-04-29T18:56:27","slug":"home","status":"publish","type":"page","link":"https:\/\/dpo-solutions.com\/index.php\/home\/","title":{"rendered":"Votre programme de conformit\u00e9 au RGPD"},"content":{"rendered":"\t\t<div data-elementor-type=\"wp-page\" data-elementor-id=\"12\" class=\"elementor elementor-12\">\n\t\t\t\t<div class=\"elementor-element elementor-element-f777594 e-flex e-con-boxed e-con e-parent\" data-id=\"f777594\" data-element_type=\"container\" data-e-type=\"container\">\n\t\t\t\t\t<div class=\"e-con-inner\">\n\t\t\t\t<div class=\"elementor-element elementor-element-5473ec6a elementor-widget elementor-widget-text-editor\" data-id=\"5473ec6a\" data-element_type=\"widget\" data-e-type=\"widget\" data-widget_type=\"text-editor.default\">\n\t\t\t\t<div class=\"elementor-widget-container\">\n\t\t\t\t\t\t\t\t\t<header class=\"page-header\">\n<h1 class=\"entry-title wp-block-heading\">Piloter la conformit\u00e9<\/h1>\n<\/header>\n<div class=\"page-content\">\n<p>Piloter en interne le programme de conformit\u00e9 au RGPD permet de garantir une protection efficace des donn\u00e9es et assurer la confiance des clients et des parties prenantes.<\/p>\n<p>reconnaissons que le RGPD n\u2019est pas seulement une exigence l\u00e9gale, mais aussi une norme \u00e9thique. En tant qu\u2019entreprise responsable, votre devoir est de prot\u00e9ger les donn\u00e9es personnelles des clients et des employ\u00e9s. Piloter en interne le programme de conformit\u00e9 va permettre de mieux comprendre les processus et de s\u2019assurer que chacun dans l\u2019entreprise est pleinement conscient de ses responsabilit\u00e9s en mati\u00e8re de protection des donn\u00e9es.<\/p>\n<p>La gestion interne du programme de conformit\u00e9 au RGPD donne un meilleur contr\u00f4le des op\u00e9rations et des donn\u00e9es.<\/p>\n<p>Piloter en interne le programme de conformit\u00e9 au RGPD favorise une culture d\u2019entreprise ax\u00e9e sur la protection des donn\u00e9es. Lorsque chaque employ\u00e9 comprend l\u2019importance de la conformit\u00e9 au RGPD et est encourag\u00e9 \u00e0 signaler les violations potentielles, la posture de s\u00e9curit\u00e9 est renforc\u00e9e et les risques de violations accidentelles ou malveillantes sont r\u00e9duits.<\/p>\n<p>Le programme de conformit\u00e9 au RGPD peut \u00e9galement pr\u00e9senter des avantages \u00e9conomiques. La conformit\u00e9 en mati\u00e8re de protection renforce la comp\u00e9titivit\u00e9 \u00e0 long terme en d\u00e9montrant l\u2019engagement de l\u2019entreprise envers la protection des donn\u00e9es et pr\u00e9serve la r\u00e9putation de l\u2019entreprise et la confiance des clients.<\/p>\n<div class=\"post-tags\">\u00a0<\/div>\n<\/div>\n<section id=\"comments\" class=\"comments-area\">\n<div id=\"respond\" class=\"comment-respond\">\u00a0<\/div>\n<\/section>\n\t\t\t\t\t\t\t\t<\/div>\n\t\t\t\t<\/div>\n\t\t\t\t\t<\/div>\n\t\t\t\t<\/div>\n\t\t\t\t<\/div>\n\t\t","protected":false},"excerpt":{"rendered":"<p>Piloter la conformit\u00e9 Piloter en interne le programme de conformit\u00e9 au RGPD permet de garantir une protection efficace des donn\u00e9es et assurer la confiance des clients et des parties prenantes. reconnaissons que le RGPD n\u2019est pas seulement une exigence l\u00e9gale, mais aussi une norme \u00e9thique. En tant qu\u2019entreprise responsable, votre devoir est de prot\u00e9ger les [&hellip;]<\/p>\n","protected":false},"author":1,"featured_media":0,"parent":0,"menu_order":0,"comment_status":"closed","ping_status":"closed","template":"","meta":{"_acf_changed":false,"content-type":"","_monsterinsights_skip_tracking":false,"_monsterinsights_sitenote_active":false,"_monsterinsights_sitenote_note":"","_monsterinsights_sitenote_category":0,"footnotes":""},"class_list":["post-12","page","type-page","status-publish","hentry"],"acf":[],"_links":{"self":[{"href":"https:\/\/dpo-solutions.com\/index.php\/wp-json\/wp\/v2\/pages\/12","targetHints":{"allow":["GET"]}}],"collection":[{"href":"https:\/\/dpo-solutions.com\/index.php\/wp-json\/wp\/v2\/pages"}],"about":[{"href":"https:\/\/dpo-solutions.com\/index.php\/wp-json\/wp\/v2\/types\/page"}],"author":[{"embeddable":true,"href":"https:\/\/dpo-solutions.com\/index.php\/wp-json\/wp\/v2\/users\/1"}],"replies":[{"embeddable":true,"href":"https:\/\/dpo-solutions.com\/index.php\/wp-json\/wp\/v2\/comments?post=12"}],"version-history":[{"count":5,"href":"https:\/\/dpo-solutions.com\/index.php\/wp-json\/wp\/v2\/pages\/12\/revisions"}],"predecessor-version":[{"id":135,"href":"https:\/\/dpo-solutions.com\/index.php\/wp-json\/wp\/v2\/pages\/12\/revisions\/135"}],"wp:attachment":[{"href":"https:\/\/dpo-solutions.com\/index.php\/wp-json\/wp\/v2\/media?parent=12"}],"curies":[{"name":"wp","href":"https:\/\/api.w.org\/{rel}","templated":true}]}}